of h(-34)?
7
Let b(l) = 115*l**3 + 6*l**2 - 10*l - 5. Let j be b(3). Suppose -7*u - j = -11*u + 4*d, 5*u = 4*d + 3908. What is the tens digit of u?
8
Let a = 10301 - 6061. What is the hundreds digit of a?
2
Suppose -5*b + 5*y = -34415, -6*b - 2*y = 8348 - 49686. What is the tens digit of b?
8
Let u(k) be the second derivative of -k**5/10 + 7*k**4/2 + 7*k**3/2 + 95*k**2/2 + 185*k. What is the thousands digit of u(20)?
1
Suppose 2*t - 10563 - 14438 = h, 12483 = t - 4*h. What is the ten thousands digit of t?
1
Let h(c) = -c**2 + 3*c + 2. Let w be h(7). Let k(s) = -s**3 - 27*s**2 - 19*s + 5. Let p be k(w). Let b = 369 + p. What is the tens digit of b?
9
Suppose -18*y + 22*y = 492. Let l = 270 - 98. Let x = l - y. What is the tens digit of x?
4
Let x(q) = -79*q + 4113. What is the units digit of x(-99)?
4
What is the units digit of (-105)/(-420)*59552/2?
4
Suppose -z - 10*b + 21361 = -14*b, 0 = -2*z - 5*b + 42800. What is the tens digit of z?
8
Let f = -24835 + 44590. What is the tens digit of f?
5
Let v be 2/(-4)*0 - (-1 + -1). Let c be -15*3/(-9) - 6/v. Suppose p = 5*y - 508, -c*y = -3*y + 2*p + 107. What is the tens digit of y?
0
Suppose 20*g - 27*g + 37079 = 0. What is the hundreds digit of g?
2
What is the hundreds digit of ((-168100)/50)/(2 + -4)?
6
Let n = 330 + -301. Suppose n*z - 32*z = -1896. What is the tens digit of z?
3
Let q(y) = -y + 0*y + 20 + 24 - 37. Let l be q(-3). Suppose l = 5*k, 5*k + 55 = 3*z - 133. What is the tens digit of z?
6
Let x(a) = 17*a**2 + 193*a + 276. What is the thousands digit of x(-71)?
2
Suppose -l = -5*b + 6, 3*l - 42 = -11*b + 6*b. Suppose l*k + 24 = 951. What is the units digit of k?
3
Suppose -2*z + 34375 = l, 0*z = -5*z + 2*l + 85960. Suppose 0 = 24*s - 45942 + z. What is the hundreds digit of s?
1
Suppose 82 + 250 = -2*x - 2*a, 2*a = 10. Suppose -1644*g + 5488 = -1660*g. Let z = x - g. What is the tens digit of z?
7
Let y = 17012 + -9013. What is the hundreds digit of y?
9
Let l = 5346 + 7730. What is the hundreds digit of l?
0
Let x(c) = -3*c - 16. Let z be x(-6). Suppose 11 = z*j + 1, -g = -j - 200. What is the hundreds digit of g?
2
Let r(z) = 19*z + 24. Suppose 2*q - 39 = 5*p, -2*q + 4 + 5 = 5*p. Let t be r(q). Suppose -5*f + 9*f - t = 0. What is the units digit of f?
3
Suppose -9*t + 14*t - 485 = 0. Let p = 142 + t. What is the tens digit of p?
3
Suppose 2*c + 4*o = c - 9, 2*c - 15 = 3*o. Suppose 2*l - 444 = -4*a, l - a = c*a + 234. What is the units digit of l?
6
Let h(f) = 2*f**2 + 26*f + 2. Let q = -67 - -54. Let w be h(q). Let m(t) = 44*t**2 + 2*t - 3. What is the units digit of m(w)?
7
Suppose 38*o + 69960 = 191614 + 283122. What is the units digit of o?
2
Suppose 0 = 2*h + 417 - 1481. What is the hundreds digit of (0/1 + h/57)*21?
1
Suppose -5*x + 4*q + 32 = -x, 4*x = -5*q + 5. Let m be -4 - -680 - (x - 3). Suppose 10*y - 6*y = 5*o - 679, -y + m = 5*o. What is the tens digit of o?
3
What is the units digit of (2408/140)/(11/10230)?
6
Suppose 20*i - 10017 = 1723. Let z = 662 + i. What is the thousands digit of z?
1
Let d(j) = j**3 + 4*j**2 - j + 2. Let u = 53 + -48. What is the hundreds digit of d(u)?
2
Suppose 5*x = -2*q + 11188, 9*x - 4*x - 3*q - 11218 = 0. What is the units digit of x?
0
Let m(q) = 13*q**2 - 3*q - 4 - q**3 - 13*q - 2*q**2 + 15. Let k be m(10). Let d = k - -82. What is the tens digit of d?
3
Let j = 47 + -42. Suppose -j*o = 5*c - 3*o - 1625, 989 = 3*c + 4*o. Suppose -4*r + c = 55. What is the tens digit of r?
6
Suppose 2*v - 864 = m + 1225, 5*m = -2*v + 2083. Suppose -6*i - v = -5850. What is the units digit of i?
1
Let v(l) = 4*l - 4*l**3 + 65*l**2 + l - 130*l**2 + 24 + 7*l**3 + 61*l**2. What is the units digit of v(7)?
2
Let h be (2*135/20)/((-6)/(-168)). Let c = 1549 - h. What is the hundreds digit of c?
1
Let n(q) be the first derivative of q**4/4 + q**3 - 4*q + 15. Let o be n(-6). Let c = 184 + o. What is the units digit of c?
2
Let g(q) = -q**3 + 5*q**2 + 2*q. Let b be g(7). Let l = b + 87. Suppose 4*v = -2*k + k + 159, -l*k - 5*v + 477 = 0. What is the tens digit of k?
5
Let n = -56 - -61. Let f = n - 49. Let u = -17 - f. What is the units digit of u?
7
Let j = -174 + 181. Let a(c) = 3*c**2 + 18*c + 9. What is the hundreds digit of a(j)?
2
Let g = 10135 - -17351. What is the tens digit of g?
8
Let c be (5166/98 - (-2)/7) + -2. Suppose 3*o + 0 = -5*j + c, -j = 3*o - 15. What is the units digit of j?
9
Let x(r) = 24*r - 229. Let p be x(-21). Let s = p - -2193. What is the units digit of s?
0
Let f = -283 - -211. What is the tens digit of (-3942)/f*8/6?
7
Let f be 2*(-25)/10*-14. Let p = f + -68. Suppose m = -3*r + 323, p*r - 6*r + 449 = 5*m. What is the hundreds digit of r?
1
Let y(v) = -4*v + 26. Let h be y(6). Suppose 2 = h*m - 2. Suppose -m*g = -73 + 3. What is the tens digit of g?
3
What is the hundreds digit of 204/459*-9567*20/(-2*1)?
5
Let m(c) = -c**3 - 10*c**2 + 9*c - 6. Let g be m(-11). Let t be (28/16)/(-7) + 132/g. Let u(z) = -2*z**3 + 20*z**2 - z - 18. What is the hundreds digit of u(t)?
2
Let q = -75 + 75. Suppose 3*h + q*h - 237 = 0. Suppose 35 = 3*c - h. What is the tens digit of c?
3
What is the units digit of 8459 - (60/(-25) + (-2)/(-5))?
1
Let g be (5*21/35)/1. Suppose -2*y + 87 - 1799 = -g*m, m + 3*y = 578. What is the units digit of m?
2
Let b(n) = -2*n**3 + 99*n**2 + 45*n - 120. What is the thousands digit of b(48)?
8
Let q(l) = -6*l. Let k be q(1). Let i be (-22)/(-33)*k/(-4). What is the tens digit of ((5/(-3))/(-5))/(i/102)?
3
Let v = -255 + 257. Suppose 5*s - 2590 = -v*s. What is the hundreds digit of s?
3
Suppose -231*r - 148798 = -328*r. What is the hundreds digit of r?
5
What is the hundreds digit of 2945/(-1)*302/(-1510)?
5
Let y(k) be the first derivative of -k**4/4 - 11*k**3/3 + 10*k**2 + 13*k - 221. Suppose -5*a - 24 = 3*s, -a = -2*s - 2*a - 23. What is the tens digit of y(s)?
9
Suppose -6*i + 12426 + 8100 = 0. What is the tens digit of i?
2
Suppose 6*f = -1020 - 126. Let i = 353 - f. What is the units digit of i?
4
What is the hundreds digit of ((-3176940)/13)/(-10) - (2 - -3)?
4
Let z = -524 + 802. What is the tens digit of z + -1 - (6 + -6 + -1)?
7
Let n(c) = 36*c**3 + 3*c - 1. Let f be n(1). Suppose 39*l - 559 = f*l. What is the tens digit of l?
5
What is the ten thousands digit of (85316/21 + -20)*(-1 + (-3 - -10))?
2
Suppose -2*w - 2*x + 10 = -4*x, 4*w - 41 = -3*x. Let r be 52/(w/4) - -3. Suppose -r + 85 = 4*a. What is the units digit of a?
4
Suppose 3224*p = 3079*p + 40455. What is the units digit of p?
9
Suppose 30*f - 35*f = 60. Let v be ((-62)/(-3))/(f/(-54)). Let b = v - 44. What is the tens digit of b?
4
Let s(i) = 970*i**2 - i - 1. Let l = -392 - -391. What is the units digit of s(l)?
0
Suppose 7 = 5*c + 17. Let m = 1 - c. Suppose -m*f + 682 = 8*f. What is the units digit of f?
2
Let f be (-32)/24*(-9)/2. Let z = 28 + f. Suppose 33 + z = q. What is the tens digit of q?
6
Let w(b) = 7*b**2 - 468*b + 26. What is the thousands digit of w(79)?
6
Suppose -v + 4*m = -155, -5*v - 39 = 4*m - 694. Let r = 251 - v. What is the units digit of r?
6
Let n = 360 - 441. Let j be ((-11)/(-2))/(2/(-52)). Let q = n - j. What is the tens digit of q?
6
Let k = 566 - 562. Suppose -16*o = -15*o - b - 697, 2783 = k*o - 5*b. What is the tens digit of o?
0
Suppose v - 15*v + 1326 = 3*v. What is the units digit of v?
8
Let r = -11031 - -18181. What is the thousands digit of r?
7
Suppose 10180 = 5*o + 3*f, f + f - 6109 = -3*o. Suppose 5*l - 5*j = 2575, -o = -4*l - 9*j + 4*j. What is the tens digit of l?
1
Let u = 587 + 107. What is the hundreds digit of u?
6
Let p(m) = -2*m + 22. Let s be p(12). Let i be 4 + 0 - (5 + s). What is the units digit of (-2)/i + (1 - -37)?
6
Let m(v) = 5*v - 58. Let r(p) be the first derivative of p**4/2 - p**3/3 - 3*p**2/2 - 10*p + 10. Let k be r(3). What is the units digit of m(k)?
2
Let a be -1 + -3 + -19 + 3. What is the hundreds digit of -10*9*1/6*a?
3
Let p(x) = 11 + 32*x**2 + 17*x**2 + 16*x**2 + 4 - 2*x. What is the tens digit of p(-3)?
0
Let g = -19 + 17. Let s be 297/22 - (-1 - g/4). Suppose -6*o + 554 - s = 0. What is the tens digit of o?
9
Let g be (51/9)/(1/(-15)). Let x = 400 - 266. Let j = x + g. What is the tens digit of j?
4
Let h = 82 - 84. Let c be 5*h/(-20)*654. Let v = c - 117. What is the tens digi